(b) = b**3 - 6*b**2 + 6*b - 2. What is a(l)?
3
Let x(q) = -132*q + 128. Let i be x(1). Let a(j) = -j**3 - 6*j**2 + j + 9. Calculate a(i).
-27
Let x(y) be the second derivative of 19*y**3/6 - y**2/2 - 71*y. Give x(-1).
-20
Let j(l) = 8*l + 16. Let a(s) = -s - 1. Let c(h) = -3*a(h) - j(h). Give c(-4).
7
Suppose -s + 4 - 2 = 2*n, 2*s = -2*n. Let v(d) = -2*d**3 + 2*d + 2. What is v(s)?
14
Let d = 145 + -141. Suppose -20 = -2*p - 4*i, -4*p + 7*i + 40 = d*i. Let f(x) = x**3 - 9*x**2 - 10*x - 4. Determine f(p).
-4
Let t(v) = -v**3 + 2*v**2 - 1. Let n = 12 - 8. Suppose -2*c + 6 = n*m, 0 = 2*c - m + 3*m - 6. Suppose 0*q - 2*q - 8 = 2*a, c*a + 15 = 0. What is t(q)?
0
Let d(v) = -2*v**3 - 37*v**2 + 19*v + 14. Let s(l) = -l + 1. Let w(k) = -d(k) + s(k). What is w(-19)?
6
Let h(p) be the third derivative of -p**8/20160 + p**7/840 + p**5/10 + 12*p**2. Let z(i) be the third derivative of h(i). Calculate z(3).
9
Let w(q) = -3*q + 4*q + 11 + 0*q. What is w(-4)?
7
Let c(i) = i**3 + 8*i**2 + 7*i - 7. Suppose -10*h + 207 = 267. Calculate c(h).
23
Let n be (-2 + 36/16)*0. Suppose n = -2*u + 3*u + w + 5, -3*u = -4*w - 13. Let g(q) = -8*q. What is g(u)?
8
Suppose 8*w = 2*w + 30. Let u(y) = 2376*y**2 - 2376*y**2 + y**3 - 4 - w. What is u(0)?
-9
Let g(j) = j**2 - 4*j + 2. Let i be g(1). Let l(v) = -2*v + 2. Let w be l(i). Let f(k) = k**3 - 4*k**2 + 4*k - 5. What is f(w)?
11
Let t(g) = -g**3 - 5*g**2 - 2*g + 7. Let j = 1053 - 1057. Give t(j).
-1
Let r(w) be the second derivative of w**3/2 - w**2/2 - 15*w. Suppose 0 = -5*c - 1 + 21. Suppose p + c*p - 5 = 0. Calculate r(p).
2
Let v(w) = -2 - 5*w + 9 - w**2 - 19 + 15. Determine v(-4).
7
Let p = 36 + -22. Let z = p - 20. Let i(d) = -6*d**2 - 3 + 28*d + 3*d - 27*d - d**3 + d**2 + 0. What is i(z)?
9
Suppose -2*w - 5*r + 13 = 0, -3*w - 2*r - 6 = -9. Let h(b) be the first derivative of 19*b**4/4 + b**3/3 + b**2 + b - 1. Determine h(w).
-19
Let q(l) = -38*l - 144. Let c be q(-4). Let p(i) = -i**2 + 12*i - 8. Calculate p(c).
24
Let s(f) be the third derivative of -f**5/60 - f**4/24 + f**3 + 762*f**2. Determine s(-5).
-14
Let y(k) be the first derivative of -3*k**2/2 - 2*k - 2. Suppose 2*b = -0*b - 4, 2*b = u - 2. Calculate y(u).
4
Let o(r) = 8 + 6*r + 6*r - 20*r. Let p(l) = -9*l + 9. Let h(u) = 6*o(u) - 5*p(u). Calculate h(3).
-6
Suppose 15 = -3*v - 2*v. Let u(h) = -4*h + 1. Let a be u(v). Let p(w) = 15 - w**2 - a - w - w. What is p(-5)?
-13
Let z(u) = 6 - 1 - 10 - u - 7. Give z(3).
-15
Let m(k) = k**3 - 37*k**2 - 79*k + 46. Let n be m(39). Let w(f) be the first derivative of -f**4/4 + 7*f**3/3 - f**2 + 5*f - 1. Give w(n).
-9
Let j be (54 - 73) + 11 + 2. Let z(v) = 3*v + 18. Calculate z(j).
0
Let y = 1121 + -1119. Let g(w) = 12*w**2 - 7*w + 2. Determine g(y).
36
Suppose -22*i - 31 = 9*i. Let k(f) = -11*f**3 - 1 - f - 8*f**2 - 13*f**3 + 8*f**2. Give k(i).
24
Let x be (-58)/377*13*-1. Let z(r) = 4*r - 6. Let c(p) = 1. Let q(t) = -3*c(t) - z(t). Give q(x).
-5
Suppose 3*i - 5*k = -i + 11, 0 = -2*k - 6. Suppose -3 = -2*x - 1. Let z(q) = q + 1. Let u(n) = -17*n**3 - n - 2. Let l(g) = x*u(g) + z(g). Give l(i).
16
Suppose -6 = -z - 0*z. Suppose 0 = -2*j - 2*j + 4*t, 0 = -3*j + 5*t - z. Let w(l) = -3*l**2 + l**j + 3*l - 10*l + 2 - 3. Give w(5).
14
Suppose -12 = 2*k - 2*o, -2*k + 3*o - 7*o + 6 = 0. Let j(c) = -916 - c - 956 + 1873. Calculate j(k).
4
Suppose -3*s - 7*f = -5*f - 30, 5*f - 31 = -2*s. Let p(r) = r + 6*r - 4 - s*r. Calculate p(4).
-8
Let r(g) = -g**2 + 5*g - 3. Let f = 138 - 132. Determine r(f).
-9
Suppose 2 = -u, 3*u - 6 + 1 = o. Let i(y) be the second derivative of y**3/6 + 8*y**2 + 248*y. Give i(o).
5
Let q(h) = h**3 + 3*h**2 - 2*h + 4. Let i = 262 + -266. What is q(i)?
-4
Let s(a) be the third derivative of -30*a**2 + 1/60*a**5 + 1/6*a**4 + 0 + 0*a**3 + 0*a. Let h(r) = -3*r + 1. Let n be h(2). Determine s(n).
5
Let g = 12 + -12. Let i be (-22 - g)*2/(-4). Suppose 2*f = -l - i, -27 = -0*l + 2*l + 5*f. Let k(y) = y**3 + y**2 - 1. Calculate k(l).
-1
Let n(p) = p**3 + 5*p**2 - 8*p - 3. Let m be 4 + (-4)/(-3 + -1). Let x be (6/(-15))/(1/m). Let k be (x/(-4))/(2/(-24)). Calculate n(k).
9
Let n(t) = 1382*t - 2 - t**3 - 2777*t + 1393*t - 3*t**2. Let m be 1 + (6/(-1))/2. Determine n(m).
-2
Let w(i) = -18*i**2 - i. Suppose -z = 2*l + 7 - 81, -4*z = l - 331. Suppose 0 = q + 6*q + z. Let g = -11 - q. Calculate w(g).
-19
Let o(m) = m**3 - 13*m**2 + 2*m - 9. Suppose -20*c + 104 = -12*c. Give o(c).
17
Suppose -42*x = -39*x - 6. Suppose -3*p - f + x*f = 17, 4*p - 4*f = -20. Let j(k) = -k**3 - 7*k**2 - 6*k - 2. What is j(p)?
-2
Let z = -4 - -3. Let q be (0 + 18/(-4))/((-30)/180). Let n(a) = 7*a + q - 27. Calculate n(z).
-7
Suppose 2*j - 7*j - 25 = 0. Let u(y) = -2*y - 11. Give u(j).
-1
Let p(t) = -3*t + 9. Suppose 3 = 2*y - 11. Calculate p(y).
-12
Suppose 10 = k + k. Suppose k*j = 4*j - 7. Let f(x) = -x**2 - 6*x - 2. Give f(j).
-9
Suppose -7 + 85 = -3*b. Let q be b/3*(-18)/12. Suppose x - v - 3*v = q, 5*v = -15. Let w(c) = -11*c + 1. Determine w(x).
-10
Let f be ((-2)/(-4))/((-2)/(-52)). Let t = 6 - f. Let p = -8 - t. Let i(n) = 10*n**3 - n**2. Determine i(p).
-11
Let f(i) = -i**3 - 2*i**2 + 2*i + 1. Let v(a) = -a + 8. Let w be v(12). Let h(n) = -3*n**3 - 6*n**2 + 6*n + 3. Let z(l) = w*h(l) + 11*f(l). Determine z(-3).
-4
Let d(n) = 5*n - n**3 + n**3 + 6 - 7*n**3 + 12*n**3 - 6*n**3 + 6*n**2. Calculate d(6).
36
Let x(p) be the second derivative of p**4/6 - p**2 + 5*p. Let q = -9 + 12. Give x(q).
16
Let v(h) = -h**3 + 5*h**2 - 4*h + 3. Let u = 269 + -266. Give v(u).
9
Let i(n) = 2*n - 15. Suppose o + 14 = 3*o. Let t be i(o). Let d(b) = b**2 - b + 6*b**2 + b**2. Calculate d(t).
9
Let p(f) = 9*f**2 - 2*f - 1. Let h = -39 - -39. Let y be 4/(-6) - (h - -5)/15. What is p(y)?
10
Let t(x) = -x**3 + 6*x**2 - 5*x - 1. Let b be 1 - 51/(-2 - -1). Let y be b/(7 + -3) + -2. Let j = -7 + y. What is t(j)?
11
Suppose -l - l = -42. Let b = l - 14. Let t be 297/63 - (-2)/b. Let y(m) = m**2 - 4*m - 5. Give y(t).
0
Let n be 306/(-81) + 2/(-9). Let i(z) = z**3 + 3*z**2 - 4*z + 1. Calculate i(n).
1
Let o(c) be the first derivative of -c**3/3 + 2*c**2 - 4*c - 159. Let s(t) = 2*t - 3 + t - t**2 - 2. Let a(d) = -4*o(d) + 5*s(d). Calculate a(0).
-9
Let n(y) = 134 - 70 - 2*y - 81. Determine n(-8).
-1
Suppose -14*r - 2 = -13*r. Let y = r + -6. Let z(c) = 2*c**2 + 23*c + 21. Let p(w) = -w**2 - 11*w - 10. Let x(m) = -5*p(m) - 2*z(m). Give x(y).
0
Let k(j) = -j**3 - 7*j**2 - 4*j + 4. Let z(y) = y**3 - 7*y**2 + 6*y - 6. Suppose 2*a = -5*f + 28, 3*f + 3*a = 5*a + 20. Let w be z(f). Calculate k(w).
-8
Let u be 180/72 + 50/(-4). Let t(q) = -q - 13. Give t(u).
-3
Suppose -2*l - 14 = -q - 4*l, 5*l = -5*q + 65. Let n(r) = -r - 13. Give n(q).
-25
Let a(i) = -26*i + 21. Let l(u) = 57*u - 45. Let g(n) = 13*a(n) + 6*l(n). Give g(6).
27
Let y be 6 + (-23)/(69/36). Let c(q) = -5 + 0 - 2*q + 0 + 0. What is c(y)?
7
Let n(u) = 1 - u - 10 - 1 - 6*u + 0. Give n(-3).
11
Let r be 0 - -9 - 65/13. Let g(h) = 0*h - 3*h + h**3 + r*h + 5 - 4*h**2 - 6*h. Give g(5).
5
Suppose 0 = 3*k + 3 + 9. Let l(t) be the third derivative of t**4/24 + t**3/3 - 5*t**2. Give l(k).
-2
Let w(f) be the second derivative of 5*f**3/6 + 4*f. Let k(v) = 9*v. Let h(r) = 6*k(r) - 11*w(r). Calculate h(8).
-8
Let f(u) = 2*u**2 + 8*u + 1. Let b = 8 - -10. Let m = -21 + b. Let h(x) = 3*x**2 + 16*x + 2. Let d(n) = m*h(n) + 5*f(n). Give d(6).
-13
Let w(k) = 2*k. Let a(h) = h - 1. Let c(t) = -2*a(t) - 2*w(t). Let v = 185 + -181. Determine c(v).
-22
Let w(z) = z - 7. Suppose -k = -5*k - 20. Let p(g) be the second derivative of -g**3/6 + g**2/2 + g. Let v be p(k). What is w(v)?
-1
Let t(w) = -w**3 - 8*w**2 - 6*w + 9. Let q be t(-7). Let g(b) = -b + 0 + 3 - q. Let h be 5 - (-3)/((-3)/11). What is g(h)?
7
Let q(t) = t - 2*t**2 - 10096 - t**3 + 10093 + t. Give q(-3).
0
Let p(s) = 1 + 5 - 9 + 6 - 3*s. Give p(-4).
15
Let j(q) be the second derivative of 0 - q + 1/2*q**2 + 0*q**3 - 1/6*q**4 + 7/10*q**5. Let c = 872 + -871. What is j(c)?
13
Suppose p = 5*n + 26, 0 = n - 2*p - 2. Let w(t) be the third derivative of -3*t**2 + 1/3*t**4 + 0*t + 1/60*t**5 + 0 + 1/6*t**3. Determine w(n).
-11
Suppose 45*j = 17*j. Let x(i) = i**3 - i - 8. Give x(j).
-8
Let u(j) be the second derivative of j**3/6 + 3*j**2 - 4*j - 19. Give u(6).
12
Let a(o) = -